{"id":5574,"date":"2016-12-03T15:44:41","date_gmt":"2016-12-03T15:44:41","guid":{"rendered":"http:\/\/demo.wpzoom.com\/inspiro\/?page_id=5574"},"modified":"2025-04-21T15:29:56","modified_gmt":"2025-04-21T18:29:56","slug":"gastronomia","status":"publish","type":"page","link":"https:\/\/coberturariomar.com\/index.php\/gastronomia\/","title":{"rendered":"Gastronomia"},"content":{"rendered":"\t\t<div data-elementor-type=\"wp-page\" data-elementor-id=\"5574\" class=\"elementor elementor-5574\">\n\t\t\t\t<div class=\"elementor-element elementor-element-6456c3ed e-con-full e-flex e-con e-parent\" data-id=\"6456c3ed\" data-element_type=\"container\" data-settings=\"{&quot;background_background&quot;:&quot;classic&quot;}\">\n\t\t<div class=\"elementor-element elementor-element-4544c287 e-con-full e-flex e-con e-child\" data-id=\"4544c287\" data-element_type=\"container\">\n\t\t\t\t<div class=\"elementor-element elementor-element-31790e07 elementor-widget elementor-widget-image\" data-id=\"31790e07\" data-element_type=\"widget\" data-widget_type=\"image.default\">\n\t\t\t\t<div class=\"elementor-widget-container\">\n\t\t\t\t\t\t\t\t\t\t\t\t\t\t\t<img decoding=\"async\" src=\"https:\/\/coberturariomar.com\/wp-content\/uploads\/2024\/04\/gastronomia.jpg\" title=\"gastronomia\" alt=\"gastronomia\" loading=\"lazy\" \/>\t\t\t\t\t\t\t\t\t\t\t\t\t\t\t<\/div>\n\t\t\t\t<\/div>\n\t\t\t\t<\/div>\n\t\t<div class=\"elementor-element elementor-element-3a5bb410 e-con-full e-flex e-con e-child\" data-id=\"3a5bb410\" data-element_type=\"container\">\n\t\t\t\t<div class=\"elementor-element elementor-element-5d6cefea elementor-widget elementor-widget-heading\" data-id=\"5d6cefea\" data-element_type=\"widget\" data-widget_type=\"heading.default\">\n\t\t\t\t<div class=\"elementor-widget-container\">\n\t\t\t\t\t<h1 class=\"elementor-heading-title elementor-size-default\">Gastronomia<\/h1>\t\t\t\t<\/div>\n\t\t\t\t<\/div>\n\t\t\t\t<div class=\"elementor-element elementor-element-515d7d37 elementor-widget elementor-widget-text-editor\" data-id=\"515d7d37\" data-element_type=\"widget\" data-widget_type=\"text-editor.default\">\n\t\t\t\t<div class=\"elementor-widget-container\">\n\t\t\t\t\t\t\t\t\t<p>A regi\u00e3o oferece excelentes op\u00e7\u00f5es de bares e restaurantes.\u00a0<\/p><p>Aqui v\u00e3o algumas das nossas recomenda\u00e7\u00f5es.<\/p>\t\t\t\t\t\t\t\t<\/div>\n\t\t\t\t<\/div>\n\t\t\t\t<\/div>\n\t\t\t\t<\/div>\n\t\t<div class=\"elementor-element elementor-element-780af877 e-flex e-con-boxed e-con e-parent\" data-id=\"780af877\" data-element_type=\"container\" data-settings=\"{&quot;background_background&quot;:&quot;classic&quot;}\">\n\t\t\t\t\t<div class=\"e-con-inner\">\n\t\t<div class=\"elementor-element elementor-element-35717ca9 e-con-full e-flex e-con e-child\" data-id=\"35717ca9\" data-element_type=\"container\">\n\t\t\t\t<div class=\"elementor-element elementor-element-bfcf5be elementor-widget elementor-widget-heading\" data-id=\"bfcf5be\" data-element_type=\"widget\" data-widget_type=\"heading.default\">\n\t\t\t\t<div class=\"elementor-widget-container\">\n\t\t\t\t\t<h2 class=\"elementor-heading-title elementor-size-default\">BARU RIO<\/h2>\t\t\t\t<\/div>\n\t\t\t\t<\/div>\n\t\t\t\t<div class=\"elementor-element elementor-element-be78284 elementor-widget elementor-widget-text-editor\" data-id=\"be78284\" data-element_type=\"widget\" data-widget_type=\"text-editor.default\">\n\t\t\t\t<div class=\"elementor-widget-container\">\n\t\t\t\t\t\t\t\t\t<p>Localizado a 5min a p\u00e9 da Cobertura Rio Mar, no Baru Rio cada prato \u00e9 uma viagem sensorial, refletindo a harmonia entre os sabores tropicais e a brisa do mar.<\/p><p>O menu \u00e9 imperd\u00edvel, com op\u00e7\u00f5es para todos os gostos. Abre todos os dias.<\/p><p>Pre\u00e7o: $$<br \/>Insta: @baru_rio<br \/><a href=\"https:\/\/maps.app.goo.gl\/Jow4HQu1fzVzc8kx5\" target=\"_blank\" rel=\"noopener\">Como chegar<\/a><\/p>\t\t\t\t\t\t\t\t<\/div>\n\t\t\t\t<\/div>\n\t\t\t\t<\/div>\n\t\t<div class=\"elementor-element elementor-element-3a65461b e-con-full e-flex e-con e-child\" data-id=\"3a65461b\" data-element_type=\"container\">\n\t\t\t\t<div class=\"elementor-element elementor-element-122b10d3 elementor-widget elementor-widget-image\" data-id=\"122b10d3\" data-element_type=\"widget\" data-widget_type=\"image.default\">\n\t\t\t\t<div class=\"elementor-widget-container\">\n\t\t\t\t\t\t\t\t\t\t\t\t\t\t\t<img fetchpriority=\"high\" decoding=\"async\" width=\"950\" height=\"594\" src=\"https:\/\/coberturariomar.com\/wp-content\/uploads\/2024\/11\/baru-rio-1024x640.jpg\" class=\"attachment-large size-large wp-image-7634\" alt=\"\" srcset=\"https:\/\/coberturariomar.com\/wp-content\/uploads\/2024\/11\/baru-rio-1024x640.jpg 1024w, https:\/\/coberturariomar.com\/wp-content\/uploads\/2024\/11\/baru-rio-300x188.jpg 300w, https:\/\/coberturariomar.com\/wp-content\/uploads\/2024\/11\/baru-rio-600x375.jpg 600w, https:\/\/coberturariomar.com\/wp-content\/uploads\/2024\/11\/baru-rio-1200x750.jpg 1200w, https:\/\/coberturariomar.com\/wp-content\/uploads\/2024\/11\/baru-rio.jpg 1440w\" sizes=\"100vw\" \/>\t\t\t\t\t\t\t\t\t\t\t\t\t\t\t<\/div>\n\t\t\t\t<\/div>\n\t\t\t\t<\/div>\n\t\t\t\t\t<\/div>\n\t\t\t\t<\/div>\n\t\t<div class=\"elementor-element elementor-element-25246dbb e-flex e-con-boxed e-con e-parent\" data-id=\"25246dbb\" data-element_type=\"container\" data-settings=\"{&quot;background_background&quot;:&quot;classic&quot;}\">\n\t\t\t\t\t<div class=\"e-con-inner\">\n\t\t<div class=\"elementor-element elementor-element-28adddbb e-con-full e-flex e-con e-child\" data-id=\"28adddbb\" data-element_type=\"container\">\n\t\t\t\t<div class=\"elementor-element elementor-element-7a164994 elementor-widget elementor-widget-heading\" data-id=\"7a164994\" data-element_type=\"widget\" data-widget_type=\"heading.default\">\n\t\t\t\t<div class=\"elementor-widget-container\">\n\t\t\t\t\t<h2 class=\"elementor-heading-title elementor-size-default\">IBELLI RIO<\/h2>\t\t\t\t<\/div>\n\t\t\t\t<\/div>\n\t\t\t\t<div class=\"elementor-element elementor-element-85165d3 elementor-widget elementor-widget-text-editor\" data-id=\"85165d3\" data-element_type=\"widget\" data-widget_type=\"text-editor.default\">\n\t\t\t\t<div class=\"elementor-widget-container\">\n\t\t\t\t\t\t\t\t\t<p>Localizado na orla a 5min a p\u00e9 da Cobertura Rio Mar, o\u00a0clima de surf, a brisa do mar sempre presente e a trilha sonora fazem desse restaurante um lugar muito agrad\u00e1vel. Nos finais de semana tem m\u00fasica ao vivo, na maioria das vezes surf music.<\/p><p>As op\u00e7\u00f5es do card\u00e1pio s\u00e3o poucas e a refei\u00e7\u00e3o \u00e9 servida em caixinhas ecol\u00f3gicas. Tudo muito gostoso e com um atendimento carinhoso.<\/p><p>Pre\u00e7o: $<br \/>Insta: @ibellirio<br \/><a href=\"https:\/\/maps.app.goo.gl\/2TwRV8rVrDKQUgYF6\" target=\"_blank\" rel=\"noopener\">Como chegar<\/a><\/p>\t\t\t\t\t\t\t\t<\/div>\n\t\t\t\t<\/div>\n\t\t\t\t<\/div>\n\t\t<div class=\"elementor-element elementor-element-6e3aea63 e-con-full e-flex e-con e-child\" data-id=\"6e3aea63\" data-element_type=\"container\">\n\t\t\t\t<div class=\"elementor-element elementor-element-63a57c77 elementor-widget elementor-widget-image\" data-id=\"63a57c77\" data-element_type=\"widget\" data-widget_type=\"image.default\">\n\t\t\t\t<div class=\"elementor-widget-container\">\n\t\t\t\t\t\t\t\t\t\t\t\t\t\t\t<img decoding=\"async\" width=\"950\" height=\"594\" src=\"https:\/\/coberturariomar.com\/wp-content\/uploads\/2024\/04\/ibelli-1024x640.jpg\" class=\"attachment-large size-large wp-image-7497\" alt=\"\" srcset=\"https:\/\/coberturariomar.com\/wp-content\/uploads\/2024\/04\/ibelli-1024x640.jpg 1024w, https:\/\/coberturariomar.com\/wp-content\/uploads\/2024\/04\/ibelli-300x188.jpg 300w, https:\/\/coberturariomar.com\/wp-content\/uploads\/2024\/04\/ibelli-600x375.jpg 600w, https:\/\/coberturariomar.com\/wp-content\/uploads\/2024\/04\/ibelli-1200x750.jpg 1200w, https:\/\/coberturariomar.com\/wp-content\/uploads\/2024\/04\/ibelli.jpg 1440w\" sizes=\"100vw\" \/>\t\t\t\t\t\t\t\t\t\t\t\t\t\t\t<\/div>\n\t\t\t\t<\/div>\n\t\t\t\t<\/div>\n\t\t\t\t\t<\/div>\n\t\t\t\t<\/div>\n\t\t<div class=\"elementor-element elementor-element-ee7d44c e-flex e-con-boxed e-con e-parent\" data-id=\"ee7d44c\" data-element_type=\"container\" data-settings=\"{&quot;background_background&quot;:&quot;classic&quot;}\">\n\t\t\t\t\t<div class=\"e-con-inner\">\n\t\t<div class=\"elementor-element elementor-element-b5107b2 e-con-full e-flex e-con e-child\" data-id=\"b5107b2\" data-element_type=\"container\">\n\t\t\t\t<div class=\"elementor-element elementor-element-6b7decf elementor-widget elementor-widget-heading\" data-id=\"6b7decf\" data-element_type=\"widget\" data-widget_type=\"heading.default\">\n\t\t\t\t<div class=\"elementor-widget-container\">\n\t\t\t\t\t<h2 class=\"elementor-heading-title elementor-size-default\">ARTESANOS BAKERY<\/h2>\t\t\t\t<\/div>\n\t\t\t\t<\/div>\n\t\t\t\t<div class=\"elementor-element elementor-element-0aff7b2 elementor-widget elementor-widget-text-editor\" data-id=\"0aff7b2\" data-element_type=\"widget\" data-widget_type=\"text-editor.default\">\n\t\t\t\t<div class=\"elementor-widget-container\">\n\t\t\t\t\t\t\t\t\t<p>Localizado a menos de 10min de carro da Cobertura Rio Mar, a Artesanos \u00e9 assinada pelo chef Ricardo Rocha.<\/p><p>Oferece op\u00e7\u00f5es de caf\u00e9s-da-manh\u00e3 imperd\u00edveis com p\u00e3es fermentados, p\u00e3o de queijo com gruyere, iogurte grego fermentado da casa com granola e frutas da esta\u00e7\u00e3o, dentre outras del\u00edcias. As op\u00e7\u00f5es de almo\u00e7o s\u00e3o reduzidas mas igualmente deliciosas. \u00c0 noite as pizzas d\u00e3o um show.<\/p><p>Pre\u00e7o: $$<br \/>Insta: @artesanos.bakery<br \/><a href=\"https:\/\/maps.app.goo.gl\/RLqasgyRApNeZHem6\" target=\"_blank\" rel=\"noopener\">Como chegar<\/a><\/p>\t\t\t\t\t\t\t\t<\/div>\n\t\t\t\t<\/div>\n\t\t\t\t<\/div>\n\t\t<div class=\"elementor-element elementor-element-217e10b e-con-full e-flex e-con e-child\" data-id=\"217e10b\" data-element_type=\"container\">\n\t\t\t\t<div class=\"elementor-element elementor-element-84bfa11 elementor-widget elementor-widget-image\" data-id=\"84bfa11\" data-element_type=\"widget\" data-widget_type=\"image.default\">\n\t\t\t\t<div class=\"elementor-widget-container\">\n\t\t\t\t\t\t\t\t\t\t\t\t\t\t\t<img decoding=\"async\" width=\"950\" height=\"594\" src=\"https:\/\/coberturariomar.com\/wp-content\/uploads\/2024\/04\/artesanos-1024x640.jpg\" class=\"attachment-large size-large wp-image-7498\" alt=\"\" srcset=\"https:\/\/coberturariomar.com\/wp-content\/uploads\/2024\/04\/artesanos-1024x640.jpg 1024w, https:\/\/coberturariomar.com\/wp-content\/uploads\/2024\/04\/artesanos-300x188.jpg 300w, https:\/\/coberturariomar.com\/wp-content\/uploads\/2024\/04\/artesanos-600x375.jpg 600w, https:\/\/coberturariomar.com\/wp-content\/uploads\/2024\/04\/artesanos-1200x750.jpg 1200w, https:\/\/coberturariomar.com\/wp-content\/uploads\/2024\/04\/artesanos.jpg 1440w\" sizes=\"100vw\" \/>\t\t\t\t\t\t\t\t\t\t\t\t\t\t\t<\/div>\n\t\t\t\t<\/div>\n\t\t\t\t<\/div>\n\t\t\t\t\t<\/div>\n\t\t\t\t<\/div>\n\t\t<div class=\"elementor-element elementor-element-731b83e e-flex e-con-boxed e-con e-parent\" data-id=\"731b83e\" data-element_type=\"container\" data-settings=\"{&quot;background_background&quot;:&quot;classic&quot;}\">\n\t\t\t\t\t<div class=\"e-con-inner\">\n\t\t<div class=\"elementor-element elementor-element-37ed19b e-con-full e-flex e-con e-child\" data-id=\"37ed19b\" data-element_type=\"container\">\n\t\t\t\t<div class=\"elementor-element elementor-element-549f5e5 elementor-widget elementor-widget-heading\" data-id=\"549f5e5\" data-element_type=\"widget\" data-widget_type=\"heading.default\">\n\t\t\t\t<div class=\"elementor-widget-container\">\n\t\t\t\t\t<h2 class=\"elementor-heading-title elementor-size-default\">SALINAS ARTE e SAL<\/h2>\t\t\t\t<\/div>\n\t\t\t\t<\/div>\n\t\t\t\t<div class=\"elementor-element elementor-element-08de93a elementor-widget elementor-widget-text-editor\" data-id=\"08de93a\" data-element_type=\"widget\" data-widget_type=\"text-editor.default\">\n\t\t\t\t<div class=\"elementor-widget-container\">\n\t\t\t\t\t\t\t\t\t<p>Localizado a menos de 10min de carro da Cobertura Rio Mar, o Salinas Arte e Sal fica na orla, em frente \u00e0 praia do Receio. Possui uma decora\u00e7\u00e3o elegante e moderna no tema praiano.<\/p><p>Destaque para o buffet completo de caf\u00e9-da-manh\u00e3 aos fins de semana. O almo\u00e7o e jantar ficam por conta da comida Mediterr\u00e2nea e frutos do Mar.<\/p><p>Pre\u00e7o: $$<br \/>Insta: @salinasartesal<br \/><a href=\"https:\/\/maps.app.goo.gl\/Ng9hwvdyPHPiTcxM6\" target=\"_blank\" rel=\"noopener\">Como chegar<\/a><\/p>\t\t\t\t\t\t\t\t<\/div>\n\t\t\t\t<\/div>\n\t\t\t\t<\/div>\n\t\t<div class=\"elementor-element elementor-element-f766282 e-con-full e-flex e-con e-child\" data-id=\"f766282\" data-element_type=\"container\">\n\t\t\t\t<div class=\"elementor-element elementor-element-60cc915 elementor-widget elementor-widget-image\" data-id=\"60cc915\" data-element_type=\"widget\" data-widget_type=\"image.default\">\n\t\t\t\t<div class=\"elementor-widget-container\">\n\t\t\t\t\t\t\t\t\t\t\t\t\t\t\t<img loading=\"lazy\" decoding=\"async\" width=\"950\" height=\"594\" src=\"https:\/\/coberturariomar.com\/wp-content\/uploads\/2024\/04\/salinas-1024x640.jpg\" class=\"attachment-large size-large wp-image-7499\" alt=\"\" srcset=\"https:\/\/coberturariomar.com\/wp-content\/uploads\/2024\/04\/salinas-1024x640.jpg 1024w, https:\/\/coberturariomar.com\/wp-content\/uploads\/2024\/04\/salinas-300x188.jpg 300w, https:\/\/coberturariomar.com\/wp-content\/uploads\/2024\/04\/salinas-600x375.jpg 600w, https:\/\/coberturariomar.com\/wp-content\/uploads\/2024\/04\/salinas-1200x750.jpg 1200w, https:\/\/coberturariomar.com\/wp-content\/uploads\/2024\/04\/salinas.jpg 1440w\" sizes=\"100vw\" \/>\t\t\t\t\t\t\t\t\t\t\t\t\t\t\t<\/div>\n\t\t\t\t<\/div>\n\t\t\t\t<\/div>\n\t\t\t\t\t<\/div>\n\t\t\t\t<\/div>\n\t\t<div class=\"elementor-element elementor-element-629a6b2 e-flex e-con-boxed e-con e-parent\" data-id=\"629a6b2\" data-element_type=\"container\" data-settings=\"{&quot;background_background&quot;:&quot;classic&quot;}\">\n\t\t\t\t\t<div class=\"e-con-inner\">\n\t\t<div class=\"elementor-element elementor-element-c9b575c e-con-full e-flex e-con e-child\" data-id=\"c9b575c\" data-element_type=\"container\">\n\t\t\t\t<div class=\"elementor-element elementor-element-ebd0ae3 elementor-widget elementor-widget-heading\" data-id=\"ebd0ae3\" data-element_type=\"widget\" data-widget_type=\"heading.default\">\n\t\t\t\t<div class=\"elementor-widget-container\">\n\t\t\t\t\t<h2 class=\"elementor-heading-title elementor-size-default\">NA BRASA COLUMBIA<\/h2>\t\t\t\t<\/div>\n\t\t\t\t<\/div>\n\t\t\t\t<div class=\"elementor-element elementor-element-f31afe8 elementor-widget elementor-widget-text-editor\" data-id=\"f31afe8\" data-element_type=\"widget\" data-widget_type=\"text-editor.default\">\n\t\t\t\t<div class=\"elementor-widget-container\">\n\t\t\t\t\t\t\t\t\t<p>Localizado a menos de 10min de carro da Cobertura Rio Mar, o Na Brasa Columbia oferece um menu de comida brasileira com pratos muito bem servidos. Os pratos, na sua maioria, servem mais de 1 pessoa.<\/p><p>De frente para o mar, o restaurante tem sempre muita procura.<\/p><p>Pre\u00e7o: $$<br \/>Insta: @columbia_nabrasa<br \/><a href=\"https:\/\/maps.app.goo.gl\/Rm3mx7jEp6edusBm9\" target=\"_blank\" rel=\"noopener\">Como chegar<\/a><\/p>\t\t\t\t\t\t\t\t<\/div>\n\t\t\t\t<\/div>\n\t\t\t\t<\/div>\n\t\t<div class=\"elementor-element elementor-element-e3e3085 e-con-full e-flex e-con e-child\" data-id=\"e3e3085\" data-element_type=\"container\">\n\t\t\t\t<div class=\"elementor-element elementor-element-b6f615c elementor-widget elementor-widget-image\" data-id=\"b6f615c\" data-element_type=\"widget\" data-widget_type=\"image.default\">\n\t\t\t\t<div class=\"elementor-widget-container\">\n\t\t\t\t\t\t\t\t\t\t\t\t\t\t\t<img loading=\"lazy\" decoding=\"async\" width=\"950\" height=\"595\" src=\"https:\/\/coberturariomar.com\/wp-content\/uploads\/2024\/04\/nabrasa-1024x641.jpg\" class=\"attachment-large size-large wp-image-7500\" alt=\"\" srcset=\"https:\/\/coberturariomar.com\/wp-content\/uploads\/2024\/04\/nabrasa-1024x641.jpg 1024w, https:\/\/coberturariomar.com\/wp-content\/uploads\/2024\/04\/nabrasa-300x188.jpg 300w, https:\/\/coberturariomar.com\/wp-content\/uploads\/2024\/04\/nabrasa-600x375.jpg 600w, https:\/\/coberturariomar.com\/wp-content\/uploads\/2024\/04\/nabrasa-1200x751.jpg 1200w, https:\/\/coberturariomar.com\/wp-content\/uploads\/2024\/04\/nabrasa.jpg 1440w\" sizes=\"100vw\" \/>\t\t\t\t\t\t\t\t\t\t\t\t\t\t\t<\/div>\n\t\t\t\t<\/div>\n\t\t\t\t<\/div>\n\t\t\t\t\t<\/div>\n\t\t\t\t<\/div>\n\t\t<div class=\"elementor-element elementor-element-3a9dc1c e-flex e-con-boxed e-con e-parent\" data-id=\"3a9dc1c\" data-element_type=\"container\" data-settings=\"{&quot;background_background&quot;:&quot;classic&quot;}\">\n\t\t\t\t\t<div class=\"e-con-inner\">\n\t\t<div class=\"elementor-element elementor-element-60f37fc e-con-full e-flex e-con e-child\" data-id=\"60f37fc\" data-element_type=\"container\">\n\t\t\t\t<div class=\"elementor-element elementor-element-4ddaddc elementor-widget elementor-widget-heading\" data-id=\"4ddaddc\" data-element_type=\"widget\" data-widget_type=\"heading.default\">\n\t\t\t\t<div class=\"elementor-widget-container\">\n\t\t\t\t\t<h2 class=\"elementor-heading-title elementor-size-default\">MIRANTE DA PRAINHA<\/h2>\t\t\t\t<\/div>\n\t\t\t\t<\/div>\n\t\t\t\t<div class=\"elementor-element elementor-element-1df931d elementor-widget elementor-widget-text-editor\" data-id=\"1df931d\" data-element_type=\"widget\" data-widget_type=\"text-editor.default\">\n\t\t\t\t<div class=\"elementor-widget-container\">\n\t\t\t\t\t\t\t\t\t<p>Localizado no canto da Prainha, o Mirante da Prainha fica a 10min de carro da Cobertura Rio Mar. O restaurante tem uma vista espetacular, mesas sob as \u00e1rvores e \u00e9 espacializado em frutos do mar.<\/p><p>O estacionamento \u00e9 o mesmo da Prainha, que \u00e9 bem pequeno, ent\u00e3o fuja dos hor\u00e1rios de pico da praia.<\/p><p>Pre\u00e7o: $$$<br \/>Insta: @mirantedaprainha<br \/><a href=\"https:\/\/maps.app.goo.gl\/SB66dkjLbVpDFVDf6\" target=\"_blank\" rel=\"noopener\">Como chegar<\/a><\/p>\t\t\t\t\t\t\t\t<\/div>\n\t\t\t\t<\/div>\n\t\t\t\t<\/div>\n\t\t<div class=\"elementor-element elementor-element-a29228b e-con-full e-flex e-con e-child\" data-id=\"a29228b\" data-element_type=\"container\">\n\t\t\t\t<div class=\"elementor-element elementor-element-b250c2a elementor-widget elementor-widget-image\" data-id=\"b250c2a\" data-element_type=\"widget\" data-widget_type=\"image.default\">\n\t\t\t\t<div class=\"elementor-widget-container\">\n\t\t\t\t\t\t\t\t\t\t\t\t\t\t\t<img loading=\"lazy\" decoding=\"async\" width=\"950\" height=\"594\" src=\"https:\/\/coberturariomar.com\/wp-content\/uploads\/2024\/04\/miranteprainha-1024x640.jpg\" class=\"attachment-large size-large wp-image-7501\" alt=\"\" srcset=\"https:\/\/coberturariomar.com\/wp-content\/uploads\/2024\/04\/miranteprainha-1024x640.jpg 1024w, https:\/\/coberturariomar.com\/wp-content\/uploads\/2024\/04\/miranteprainha-300x188.jpg 300w, https:\/\/coberturariomar.com\/wp-content\/uploads\/2024\/04\/miranteprainha-600x375.jpg 600w, https:\/\/coberturariomar.com\/wp-content\/uploads\/2024\/04\/miranteprainha-1200x750.jpg 1200w, https:\/\/coberturariomar.com\/wp-content\/uploads\/2024\/04\/miranteprainha.jpg 1440w\" sizes=\"100vw\" \/>\t\t\t\t\t\t\t\t\t\t\t\t\t\t\t<\/div>\n\t\t\t\t<\/div>\n\t\t\t\t<\/div>\n\t\t\t\t\t<\/div>\n\t\t\t\t<\/div>\n\t\t<div class=\"elementor-element elementor-element-1e36780 e-flex e-con-boxed e-con e-parent\" data-id=\"1e36780\" data-element_type=\"container\" data-settings=\"{&quot;background_background&quot;:&quot;classic&quot;}\">\n\t\t\t\t\t<div class=\"e-con-inner\">\n\t\t<div class=\"elementor-element elementor-element-26915b0 e-con-full e-flex e-con e-child\" data-id=\"26915b0\" data-element_type=\"container\">\n\t\t\t\t<div class=\"elementor-element elementor-element-01bfcb0 elementor-widget elementor-widget-heading\" data-id=\"01bfcb0\" data-element_type=\"widget\" data-widget_type=\"heading.default\">\n\t\t\t\t<div class=\"elementor-widget-container\">\n\t\t\t\t\t<h2 class=\"elementor-heading-title elementor-size-default\">POINT DE GRUMARI<\/h2>\t\t\t\t<\/div>\n\t\t\t\t<\/div>\n\t\t\t\t<div class=\"elementor-element elementor-element-5620bf2 elementor-widget elementor-widget-text-editor\" data-id=\"5620bf2\" data-element_type=\"widget\" data-widget_type=\"text-editor.default\">\n\t\t\t\t<div class=\"elementor-widget-container\">\n\t\t\t\t\t\t\t\t\t<p>Point de Grumari, um restaurante delicioso localizado no alto da encosta do Grumari. Oferece uma vista deslumbrante da Restinga da Marambaia.<\/p><p>Especializado em frutos do mar, com ingredientes fresquinhos, voc\u00ea tamb\u00e9m vai encontrar pratos de carne. Todos os pratos servem com facilidade mais de uma pessoa.<\/p><p>Busque uma mesa na janela e n\u00e3o perca o p\u00f4r do sol, que \u00e9 deslumbrante.<\/p><p>Pre\u00e7o: $$$<br \/>Insta: @pointdegrumarioficial<br \/><a href=\"https:\/\/maps.app.goo.gl\/wRR1euz8zdDEexAX8\" target=\"_blank\" rel=\"noopener\">Como chegar<\/a><\/p>\t\t\t\t\t\t\t\t<\/div>\n\t\t\t\t<\/div>\n\t\t\t\t<\/div>\n\t\t<div class=\"elementor-element elementor-element-d8a1a6b e-con-full e-flex e-con e-child\" data-id=\"d8a1a6b\" data-element_type=\"container\">\n\t\t\t\t<div class=\"elementor-element elementor-element-1956223 elementor-widget elementor-widget-image\" data-id=\"1956223\" data-element_type=\"widget\" data-widget_type=\"image.default\">\n\t\t\t\t<div class=\"elementor-widget-container\">\n\t\t\t\t\t\t\t\t\t\t\t\t\t\t\t<img loading=\"lazy\" decoding=\"async\" width=\"950\" height=\"594\" src=\"https:\/\/coberturariomar.com\/wp-content\/uploads\/2024\/04\/pointgrumari-1024x640.jpg\" class=\"attachment-large size-large wp-image-7508\" alt=\"\" srcset=\"https:\/\/coberturariomar.com\/wp-content\/uploads\/2024\/04\/pointgrumari-1024x640.jpg 1024w, https:\/\/coberturariomar.com\/wp-content\/uploads\/2024\/04\/pointgrumari-300x188.jpg 300w, https:\/\/coberturariomar.com\/wp-content\/uploads\/2024\/04\/pointgrumari-600x375.jpg 600w, https:\/\/coberturariomar.com\/wp-content\/uploads\/2024\/04\/pointgrumari-1200x750.jpg 1200w, https:\/\/coberturariomar.com\/wp-content\/uploads\/2024\/04\/pointgrumari.jpg 1440w\" sizes=\"100vw\" \/>\t\t\t\t\t\t\t\t\t\t\t\t\t\t\t<\/div>\n\t\t\t\t<\/div>\n\t\t\t\t<\/div>\n\t\t\t\t\t<\/div>\n\t\t\t\t<\/div>\n\t\t\t\t<\/div>\n\t\t","protected":false},"excerpt":{"rendered":"<p>Gastronomia A regi\u00e3o oferece excelentes op\u00e7\u00f5es de bares e restaurantes.\u00a0 Aqui v\u00e3o algumas das nossas recomenda\u00e7\u00f5es. BARU RIO Localizado a 5min a p\u00e9 da Cobertura Rio Mar, no Baru Rio cada prato \u00e9 uma viagem sensorial, refletindo a harmonia entre os sabores tropicais e a brisa do mar. O menu \u00e9 imperd\u00edvel, com op\u00e7\u00f5es para &hellip; <\/p>\n<p class=\"link-more\"><a href=\"https:\/\/coberturariomar.com\/index.php\/gastronomia\/\" class=\"more-link\">Read more<span class=\"screen-reader-text\"> &#8220;Gastronomia&#8221;<\/span><\/a><\/p>\n","protected":false},"author":1,"featured_media":0,"parent":0,"menu_order":0,"comment_status":"closed","ping_status":"closed","template":"page-templates\/full-width-builder-bb.php","meta":{"footnotes":""},"class_list":["post-5574","page","type-page","status-publish","hentry"],"aioseo_notices":[],"featured_media_urls":[],"_links":{"self":[{"href":"https:\/\/coberturariomar.com\/index.php\/wp-json\/wp\/v2\/pages\/5574","targetHints":{"allow":["GET"]}}],"collection":[{"href":"https:\/\/coberturariomar.com\/index.php\/wp-json\/wp\/v2\/pages"}],"about":[{"href":"https:\/\/coberturariomar.com\/index.php\/wp-json\/wp\/v2\/types\/page"}],"author":[{"embeddable":true,"href":"https:\/\/coberturariomar.com\/index.php\/wp-json\/wp\/v2\/users\/1"}],"replies":[{"embeddable":true,"href":"https:\/\/coberturariomar.com\/index.php\/wp-json\/wp\/v2\/comments?post=5574"}],"version-history":[{"count":204,"href":"https:\/\/coberturariomar.com\/index.php\/wp-json\/wp\/v2\/pages\/5574\/revisions"}],"predecessor-version":[{"id":7775,"href":"https:\/\/coberturariomar.com\/index.php\/wp-json\/wp\/v2\/pages\/5574\/revisions\/7775"}],"wp:attachment":[{"href":"https:\/\/coberturariomar.com\/index.php\/wp-json\/wp\/v2\/media?parent=5574"}],"curies":[{"name":"wp","href":"https:\/\/api.w.org\/{rel}","templated":true}]}}